 List the prime factors of z.
19
Let h(l) = -94*l - 7. List the prime factors of h(-7).
3, 7, 31
Suppose -9 = -3*s + 5*a - 2, -4*a = -s. Suppose 3*x = -q - q + 96, 0 = -s*x + 4*q + 128. Let y = x + 2. List the prime factors of y.
2, 17
Let i = -463 + 695. What are the prime factors of i?
2, 29
List the prime factors of (-4 + 7/(14/(-10)))*-63.
3, 7
Let y = -1051 + 1527. What are the prime factors of y?
2, 7, 17
Suppose 5*f + 44 - 124 = 0. Suppose 2*s + f = t, 5*t - 5*s + s - 56 = 0. List the prime factors of t.
2
Let i(u) = -u**3 + 7*u**2 - 9*u - 7. Let a be i(5). What are the prime factors of (a/5*-19)/((-25)/(-125))?
2, 19
Let o(c) = 16*c**2 - 17*c + 4. List the prime factors of o(-7).
907
Let z be (36/(-30))/(-3) - 26/(-10). Suppose -3*s = -3*t - 188 + 617, -z*t - 4*s + 401 = 0. List the prime factors of t.
139
Let o be 1/2*(1 - -31). Let t be -2 - (o + -4)/(-3). Suppose 5*r = h + t*r + 12, -5*h + 2*r = -5. What are the prime factors of h?
3
Let f(g) = 138*g**2 + 31*g + 64. List the prime factors of f(-6).
2, 2423
Suppose 3*r = 2*r + 4. Suppose h = -r*h + 25, 3*d + 3*h - 54 = 0. Suppose -5*g + 87 = -d. List the prime factors of g.
2, 5
Let n(l) = -l**3 + 18*l**2 + 13*l - 137. List the prime factors of n(18).
97
Let a(v) = -5*v + 27. Let m(x) = x**3 - 5*x**2 + 3*x - 5. Let s be m(2). What are the prime factors of a(s)?
2, 41
What are the prime factors of (-6)/(-45) + 45926/30?
1531
Suppose -4*l - l - 387 = -2*i, 5*i - 945 = 5*l. Let u = 373 - i. List the prime factors of u.
11, 17
Let t = -351 - -597. List the prime factors of t.
2, 3, 41
Suppose -14*k - 83 = -4115. What are the prime factors of k?
2, 3
What are the prime factors of 7/28 + (-6604)/(-16)?
7, 59
Let c = 2278 - 2032. List the prime factors of c.
2, 3, 41
Let y = 2688 - 1834. What are the prime factors of y?
2, 7, 61
Let g(u) = 54*u - 1. Let i be 2*(-34)/(-12) - 2/3. List the prime factors of g(i).
269
Suppose 7*b = 14*b - 2639. List the prime factors of b.
13, 29
Let g = -28 + 30. Suppose 3*c - 7*c = -3*a - 203, 5*c - 259 = g*a. Let d = -27 + c. What are the prime factors of d?
2, 13
Let z = -186 + 690. What are the prime factors of z?
2, 3, 7
Let r = 1709 + -672. What are the prime factors of r?
17, 61
Suppose -8*c + 402 = -6*c. Let f = -91 + c. What are the prime factors of f?
2, 5, 11
Suppose q = -0*q + 67. Let a = 102 - 144. Let n = a + q. What are the prime factors of n?
5
Suppose -t = 5*l - 27, 5*t + l + 13 = 28. Let p = -111 + 185. Suppose -4*w + 2*c + 150 = 0, 0*w = 2*w - t*c - p. What are the prime factors of w?
2, 19
Suppose -7*f + 476 = -168. What are the prime factors of f + -2 + (1 - -3)?
2, 47
Let j = 2257 - 1510. List the prime factors of j.
3, 83
Let m = 43 - 69. Let k = -50 - m. Let l = 8 - k. What are the prime factors of l?
2
Let w = -151 + 141. List the prime factors of 6/4 + 55/w - -113.
109
Let c(x) = 3*x**2 + 75*x - 27. What are the prime factors of c(-33)?
3, 5, 17
Suppose -4*s + 4336 = 5*t - 7882, s - 9781 = -4*t. What are the prime factors of t?
2, 1223
Let l be ((1 - 0) + 382)*1. Suppose 3*x + 5*a - 360 = 0, -l - 217 = -5*x - 2*a. Suppose r - 4*r = -x. List the prime factors of r.
2, 5
Let z(r) = -1 - 7*r - 11*r**2 + 31*r - 15*r - r**3 + r**2. What are the prime factors of z(-11)?
3, 7
List the prime factors of (-38088)/(-16) - (2 - (-5)/(-2)).
2381
Let d be -4*(-1)/(-2) + 50. Let z = 6 - d. Let w = z + 61. List the prime factors of w.
19
Suppose 0 = 5*r - 4*p + 286, -p - 2*p = -5*r - 287. Let y = 12 + r. Let d = 96 + y. List the prime factors of d.
2, 5
Suppose i - 1 - 6 = 0. Suppose 0 = -i*z + 11*z. Suppose z = f + 6 - 29. What are the prime factors of f?
23
Let h(r) = -r. Let l be h(0). Let u be (-8)/(4/(-30) - l). Suppose u = -p + 3*p. List the prime factors of p.
2, 3, 5
Let j = 3160 - 452. What are the prime factors of j?
2, 677
Suppose 4*n + 2*n - 720 = 0. Let z = n + -65. List the prime factors of z.
5, 11
Let d(r) = -r**3 + 6*r**2 - 3*r - 7. Let v be d(5). Let x be (-320)/12 - 3/9. What are the prime factors of x*(-3)/(9/v)?
3
Let y be (-20)/(-6)*3/2. Suppose a - 13 - 2 = -4*z, -y*z + 2*a + 22 = 0. What are the prime factors of 0 - -1 - (-44)/z?
2, 3
Suppose 0 = 3*k - 334 + 70. List the prime factors of k.
2, 11
Let b be ((-3)/3)/((-5)/10). Suppose -2*g + 49 = w - 73, 3*w + b*g = 362. List the prime factors of 4/6 - w/(-9).
2, 7
Suppose 3048 = 4*d - 5*p, -5*d + 2*p + 3793 = -0*d. Suppose -6*i + 803 = -d. List the prime factors of i.
2, 5, 13
Let m(w) = -1039*w + 16. What are the prime factors of m(-2)?
2, 3, 349
Let d(p) = p**2 - 4*p. Let r be d(6). Suppose r*o = 17*o. Suppose o = 3*f - 2*f - 1, -5*b = 5*f - 160. What are the prime factors of b?
31
Let r(x) = x + 1. Let n be r(-12). Let l be n/(1/2*2). Let u = l + 17. What are the prime factors of u?
2, 3
Let i(t) = -t**2 - 8*t - 6. Let b be i(-6). Let o(r) = 227*r**3 + 10*r**2 - 7*r - 2. Let h be o(1). Suppose b*x + h = 10*x. What are the prime factors of x?
3, 19
Let p = -28 - -32. Let n be (2 - 4)*78/p. What are the prime factors of n/65 - 216/(-10)?
3, 7
Suppose 0 = 5*v - h + 4, 2*v - 16 = 3*v - 4*h. Suppose -6*o + o + 280 = v. Let j = -34 + o. What are the prime factors of j?
2, 11
Let t = -1558 - -2910. List the prime factors of t.
2, 13
Let t = 13 - 22. Let r(k) = -k**2 + 14*k + 4. Let i be r(14). List the prime factors of (t - -13) + 12*i.
2, 13
Let y(g) = g**3 + 4. Suppose 0 = 4*j + 8. Let c be (9/(-6))/(1/j). What are the prime factors of y(c)?
31
Suppose -x = 0, -75*x + 78*x = -5*h + 2350. List the prime factors of h.
2, 5, 47
Let a(w) = w**3 + 8*w**2 - 10*w + 7. Let p be a(-9). Let v = p + -14. What are the prime factors of (-30)/(-6)*(v - -7)?
3, 5
Let v = -20 + 22. Suppose -j + 114 = -f - 0*f, 0 = v*j + 5*f - 193. Let q = j - 50. List the prime factors of q.
59
Let i be (-12)/16*(-8)/3. Suppose -i*q = -103 - 15. What are the prime factors of q?
59
Let k(g) = 377*g**3 + 11*g**2 - 26*g - 2. List the prime factors of k(2).
2, 3, 167
Let h(d) = -8*d - 1. Let a be h(-9). Let u = a + 2. Suppose 5*p = -u + 328. List the prime factors of p.
3, 17
Let n = 103 + 5. List the prime factors of n.
2, 3
Let g be 1/((-2 + 0)/20). Let l = g + 104. What are the prime factors of l?
2, 47
Let t = -24 - -27. Suppose -3*x - 5*a - 4 = 0, t*x + 11 = 5*a - 3. What are the prime factors of -2 + 33*(-2)/x?
2, 5
Let m(c) = 19*c - 139. List the prime factors of m(11).
2, 5, 7
Let u be ((-2)/3)/((-1)/(-3)). Let l(z) = 0*z**2 - 53 + 52 - z**2 + 3*z**2. List the prime factors of l(u).
7
Let y(t) be the first derivative of -2*t**2 + 8*t - 13. What are the prime factors of y(0)?
2
Let v = -2014 + 6515. List the prime factors of v.
7, 643
Let l = 15 + -12. Let b(v) = v**2 - v - 2. Let s be b(l). Suppose 0 = -s*u + 34 + 10. List the prime factors of u.
11
Let u(f) = 79*f**2 - 28*f + 28. List the prime factors of u(8).
2, 3, 5
Let x(n) = -n**3 - 7*n**2 + 5*n + 9. Suppose -4*r = 0, -2*z - r + 5*r + 4 = 0. Suppose -b - 33 = 2*g + z*g, -9 = g + b. List the prime factors of x(g).
3, 11
Let f(r) = -300*r + 112. What are the prime factors of f(-4)?
2, 41
Suppose -23*j = -46*j + 31349. List the prime factors of j.
29, 47
Let x(u) = 5*u**3 + 4*u**2 + 24*u + 21. Let b(a) = -a**3 + a**2 + a + 1. Let v(t) = 6*b(t) + x(t). What are the prime factors of v(12)?
3, 11
Let f(q) = -25*q - 4. List the prime factors of f(-10).
2, 3, 41
Let x be ((-244)/6)/((-2)/(-3)). Let y = 87 + x. What are the prime factors of y?
2, 13
Suppose t = 4*j - 58, -2*t = t + 5*j + 259. Let v be t/(-3) + 2 - -1. Let z = 56 - v. What are the prime factors of z?
3
Let a = 916 - 361. What are the prime factors of a?
3, 5, 37
Suppose 2*r + 2 = -4. What are the prime factors of r/(-1 - -2)*(-116)/12?
29
Suppose 5*f - y + 5*y = 2320, 2*y = -f + 458. What are the prime factors of f?
2, 3, 13
Suppose 11*d - 15 = -4*d. List the prime factors of d*248 + (18 - 18).
2, 31
Suppose -8*a + 14210 = 858. What are the prime factors of a?
1669
Let k(j) = 9*j - 28. Let a be k(9). Suppose 49*c - a*c + 132 = 0. What are the prime factors of c?
3, 11
Let f(u) = 9*u**2 + u + 4. Let y be f(-3). Suppose 0 = -6*c + 8*c - y. List the prime factors of c.
41
Let q(g) = -14*g + 1. Let c(r) = -27*r + 1. Let y(b) = 3*c(b) - 5*q(b). Suppose -3 = -206*a + 209*a. List the prime factors